{"id":2710,"date":"2025-10-18T09:40:21","date_gmt":"2025-10-18T09:40:21","guid":{"rendered":"https:\/\/www.parlin.com.tr\/?post_type=product&#038;p=2710"},"modified":"2025-10-18T11:07:44","modified_gmt":"2025-10-18T11:07:44","slug":"amsterdam-berjer","status":"publish","type":"product","link":"https:\/\/www.parlin.com.tr\/index.php\/product\/amsterdam-berjer\/","title":{"rendered":"Amsterdam Berjer"},"content":{"rendered":"","protected":false},"excerpt":{"rendered":"<h5><strong>ZAMANIN \u00d6TES\u0130NDE KONFOR<br \/>\n<\/strong>Amsterdam, do\u011fadan gelen estetik bir esintiyi evinize ta\u015f\u0131yarak her detayda do\u011fall\u0131\u011f\u0131n ve konforun s\u0131cak dokunu\u015funu hissettirir; renk ve konforun m\u00fckemmel senteziyle her ton ve dokuda sizi bamba\u015fka d\u00fcnyalara g\u00f6t\u00fcr\u00fcr; modern ya\u015fam\u0131n dinamiklerine uyum sa\u011flayan esnek ve fonksiyonel tasar\u0131m\u0131yla her an\u0131n\u0131za zarafetle e\u015flik eder ve her dokunu\u015fta do\u011fan\u0131n en saf haliyle bulu\u015fturup sizi estetikle harmanlanm\u0131\u015f bir konforun i\u00e7inde sar\u0131p sarmalar.<\/h5>\n<h5>G\/W: 81 D\/D: 74 Y\/H: 63<\/h5>\n","protected":false},"featured_media":2714,"comment_status":"closed","ping_status":"closed","template":"","meta":[],"product_brand":[],"product_cat":[52,50],"product_tag":[],"class_list":{"0":"post-2710","1":"product","2":"type-product","3":"status-publish","4":"has-post-thumbnail","6":"product_cat-amsterdam","7":"product_cat-berjer","9":"first","10":"instock","11":"shipping-taxable","12":"product-type-grouped","13":"layout-style-1","14":"col-md-4 col-sm-4 col-xs-6","15":"col-lg-3","16":"product-has-gallery","17":"product-style-zoom"},"_links":{"self":[{"href":"https:\/\/www.parlin.com.tr\/index.php\/wp-json\/wp\/v2\/product\/2710","targetHints":{"allow":["GET"]}}],"collection":[{"href":"https:\/\/www.parlin.com.tr\/index.php\/wp-json\/wp\/v2\/product"}],"about":[{"href":"https:\/\/www.parlin.com.tr\/index.php\/wp-json\/wp\/v2\/types\/product"}],"replies":[{"embeddable":true,"href":"https:\/\/www.parlin.com.tr\/index.php\/wp-json\/wp\/v2\/comments?post=2710"}],"wp:featuredmedia":[{"embeddable":true,"href":"https:\/\/www.parlin.com.tr\/index.php\/wp-json\/wp\/v2\/media\/2714"}],"wp:attachment":[{"href":"https:\/\/www.parlin.com.tr\/index.php\/wp-json\/wp\/v2\/media?parent=2710"}],"wp:term":[{"taxonomy":"product_brand","embeddable":true,"href":"https:\/\/www.parlin.com.tr\/index.php\/wp-json\/wp\/v2\/product_brand?post=2710"},{"taxonomy":"product_cat","embeddable":true,"href":"https:\/\/www.parlin.com.tr\/index.php\/wp-json\/wp\/v2\/product_cat?post=2710"},{"taxonomy":"product_tag","embeddable":true,"href":"https:\/\/www.parlin.com.tr\/index.php\/wp-json\/wp\/v2\/product_tag?post=2710"}],"curies":[{"name":"wp","href":"https:\/\/api.w.org\/{rel}","templated":true}]}}