{"id":2763,"date":"2025-10-21T08:59:22","date_gmt":"2025-10-21T08:59:22","guid":{"rendered":"http:\/\/www.parlin.com.tr\/?post_type=product&#038;p=2763"},"modified":"2025-10-21T10:55:39","modified_gmt":"2025-10-21T10:55:39","slug":"berlin-plus-berjer","status":"publish","type":"product","link":"https:\/\/www.parlin.com.tr\/index.php\/product\/berlin-plus-berjer\/","title":{"rendered":"Berlin Plus Berjer"},"content":{"rendered":"","protected":false},"excerpt":{"rendered":"<h5><strong>Konforun Zarafetle Bulu\u015ftu\u011fu Yer<\/strong><br \/>\nHem i\u015flevselli\u011fi hem zarafeti bir arada sunan bu modern koltuk tak\u0131m\u0131, g\u00fcnl\u00fck hayat\u0131n stresinden uzakla\u015fman\u0131z i\u00e7in ideal bir ka\u00e7\u0131\u015f noktas\u0131 sunar. Minimal ve modern \u00e7izgilerin merkezinden do\u011fan bu tasar\u0131m, ah\u015fab\u0131n do\u011fal uyumuyla evinize zarafet katarken, pratik fonksiyonlar\u0131yla ya\u015fam\u0131n\u0131z\u0131 kolayla\u015ft\u0131r\u0131r. Her detay\u0131nda \u00f6zenli i\u015f\u00e7ilik ve \u00fcst\u00fcn konfor bar\u0131nd\u0131ran bu tak\u0131m, oturma odan\u0131z\u0131 bir huzur alan\u0131na d\u00f6n\u00fc\u015ft\u00fcr\u00fcr. Konfor ve esteti\u011fin m\u00fckemmel dengesini sunan bu l\u00fcks tasar\u0131m, evinizin atmosferini y\u00fckselterek her an\u0131n\u0131za de\u011fer katar.<\/h5>\n<h5>G\/W: 74 D\/D: 77 Y\/H: 82<\/h5>\n","protected":false},"featured_media":2764,"comment_status":"closed","ping_status":"closed","template":"","meta":[],"product_brand":[],"product_cat":[50,55],"product_tag":[],"class_list":{"0":"post-2763","1":"product","2":"type-product","3":"status-publish","4":"has-post-thumbnail","6":"product_cat-berjer","7":"product_cat-berlin","9":"first","10":"instock","11":"shipping-taxable","12":"product-type-grouped","13":"layout-style-1","14":"col-md-4 col-sm-4 col-xs-6","15":"col-lg-3","16":"product-has-gallery","17":"product-style-zoom"},"_links":{"self":[{"href":"https:\/\/www.parlin.com.tr\/index.php\/wp-json\/wp\/v2\/product\/2763","targetHints":{"allow":["GET"]}}],"collection":[{"href":"https:\/\/www.parlin.com.tr\/index.php\/wp-json\/wp\/v2\/product"}],"about":[{"href":"https:\/\/www.parlin.com.tr\/index.php\/wp-json\/wp\/v2\/types\/product"}],"replies":[{"embeddable":true,"href":"https:\/\/www.parlin.com.tr\/index.php\/wp-json\/wp\/v2\/comments?post=2763"}],"wp:featuredmedia":[{"embeddable":true,"href":"https:\/\/www.parlin.com.tr\/index.php\/wp-json\/wp\/v2\/media\/2764"}],"wp:attachment":[{"href":"https:\/\/www.parlin.com.tr\/index.php\/wp-json\/wp\/v2\/media?parent=2763"}],"wp:term":[{"taxonomy":"product_brand","embeddable":true,"href":"https:\/\/www.parlin.com.tr\/index.php\/wp-json\/wp\/v2\/product_brand?post=2763"},{"taxonomy":"product_cat","embeddable":true,"href":"https:\/\/www.parlin.com.tr\/index.php\/wp-json\/wp\/v2\/product_cat?post=2763"},{"taxonomy":"product_tag","embeddable":true,"href":"https:\/\/www.parlin.com.tr\/index.php\/wp-json\/wp\/v2\/product_tag?post=2763"}],"curies":[{"name":"wp","href":"https:\/\/api.w.org\/{rel}","templated":true}]}}