{"id":2818,"date":"2025-12-20T15:08:34","date_gmt":"2025-12-20T15:08:34","guid":{"rendered":"https:\/\/www.parlin.com.tr\/?post_type=product&#038;p=2818"},"modified":"2025-12-20T15:41:15","modified_gmt":"2025-12-20T15:41:15","slug":"dallas-kanepe","status":"publish","type":"product","link":"https:\/\/www.parlin.com.tr\/index.php\/product\/dallas-kanepe\/","title":{"rendered":"Dallas Kanepe"},"content":{"rendered":"","protected":false},"excerpt":{"rendered":"<h5><strong>Modern Konforun Zamans\u0131z Yorumu<br \/>\n<\/strong>G\u00fc\u00e7l\u00fc formu ve \u00f6zenle se\u00e7ilmi\u015f detaylar\u0131yla \u00f6ne \u00e7\u0131kan Dallas Kanepe, modern ya\u015fam alanlar\u0131 i\u00e7in konforu yeniden tan\u0131mlar. Dengeli hatlar\u0131, ergonomik yap\u0131s\u0131 ve \u015f\u0131k duru\u015fuyla mek\u00e2na sofistike bir karakter kazand\u0131r\u0131r. Fonksiyonelli\u011fi estetikle bulu\u015fturan Dallas, g\u00fcnl\u00fck ya\u015fam\u0131n ritmine uyum sa\u011flarken, sundu\u011fu rahat oturum yap\u0131s\u0131yla konforu \u00fcst seviyeye ta\u015f\u0131r. Modern \u00e7izgilerin zamans\u0131z detaylarla harmanland\u0131\u011f\u0131 bu \u00f6zel tasar\u0131m, ya\u015fam alanlar\u0131n\u0131 sade, g\u00fc\u00e7l\u00fc ve davetk\u00e2r bir atmosfere d\u00f6n\u00fc\u015ft\u00fcr\u00fcr.<\/h5>\n<h5><\/h5>\n<h5>3 ki\u015filik kanepe<br \/>\nG\/W: 232 D\/D: 92 Y\/H: 75<\/h5>\n","protected":false},"featured_media":2827,"comment_status":"closed","ping_status":"closed","template":"","meta":[],"product_brand":[],"product_cat":[49],"product_tag":[],"class_list":{"0":"post-2818","1":"product","2":"type-product","3":"status-publish","4":"has-post-thumbnail","6":"product_cat-kanepe","8":"first","9":"instock","10":"shipping-taxable","11":"product-type-grouped","12":"layout-style-1","13":"col-md-4 col-sm-4 col-xs-6","14":"col-lg-3","15":"product-has-gallery","16":"product-style-zoom"},"_links":{"self":[{"href":"https:\/\/www.parlin.com.tr\/index.php\/wp-json\/wp\/v2\/product\/2818","targetHints":{"allow":["GET"]}}],"collection":[{"href":"https:\/\/www.parlin.com.tr\/index.php\/wp-json\/wp\/v2\/product"}],"about":[{"href":"https:\/\/www.parlin.com.tr\/index.php\/wp-json\/wp\/v2\/types\/product"}],"replies":[{"embeddable":true,"href":"https:\/\/www.parlin.com.tr\/index.php\/wp-json\/wp\/v2\/comments?post=2818"}],"wp:featuredmedia":[{"embeddable":true,"href":"https:\/\/www.parlin.com.tr\/index.php\/wp-json\/wp\/v2\/media\/2827"}],"wp:attachment":[{"href":"https:\/\/www.parlin.com.tr\/index.php\/wp-json\/wp\/v2\/media?parent=2818"}],"wp:term":[{"taxonomy":"product_brand","embeddable":true,"href":"https:\/\/www.parlin.com.tr\/index.php\/wp-json\/wp\/v2\/product_brand?post=2818"},{"taxonomy":"product_cat","embeddable":true,"href":"https:\/\/www.parlin.com.tr\/index.php\/wp-json\/wp\/v2\/product_cat?post=2818"},{"taxonomy":"product_tag","embeddable":true,"href":"https:\/\/www.parlin.com.tr\/index.php\/wp-json\/wp\/v2\/product_tag?post=2818"}],"curies":[{"name":"wp","href":"https:\/\/api.w.org\/{rel}","templated":true}]}}